{"id":182,"date":"2021-01-06T20:12:58","date_gmt":"2021-01-06T19:12:58","guid":{"rendered":"http:\/\/94.23.28.138\/Josie\/?page_id=182"},"modified":"2022-01-22T21:44:20","modified_gmt":"2022-01-22T20:44:20","slug":"mes-expositions","status":"publish","type":"page","link":"https:\/\/josiepeintures.org\/?page_id=182","title":{"rendered":"MES EXPOSITIONS"},"content":{"rendered":"\n<p class=\"has-text-align-center\">D\u00e9cembre 2021, 93eme Salon National La Soci\u00e9t\u00e9 Artistique des Groupes La Poste et Orange La POSTE   PARIS<\/p>\n\n\n\n<div class=\"wp-block-group\"><div class=\"wp-block-group__inner-container is-layout-flow wp-block-group-is-layout-flow\">\n<p><\/p>\n\n\n\n<div class=\"wp-block-image\"><figure class=\"aligncenter size-large is-resized\"><a href=\"http:\/\/94.23.28.138\/Josie\/wp-content\/uploads\/2022\/01\/20211215_184934-1-scaled.jpg\"><img decoding=\"async\" loading=\"lazy\" src=\"http:\/\/94.23.28.138\/Josie\/wp-content\/uploads\/2022\/01\/20211215_184934-1-1024x576.jpg\" alt=\"\" class=\"wp-image-1668\" width=\"324\" height=\"182\" srcset=\"https:\/\/josiepeintures.org\/wp-content\/uploads\/2022\/01\/20211215_184934-1-1024x576.jpg 1024w, https:\/\/josiepeintures.org\/wp-content\/uploads\/2022\/01\/20211215_184934-1-300x169.jpg 300w, https:\/\/josiepeintures.org\/wp-content\/uploads\/2022\/01\/20211215_184934-1-768x432.jpg 768w, https:\/\/josiepeintures.org\/wp-content\/uploads\/2022\/01\/20211215_184934-1-1536x864.jpg 1536w, https:\/\/josiepeintures.org\/wp-content\/uploads\/2022\/01\/20211215_184934-1-2048x1152.jpg 2048w, https:\/\/josiepeintures.org\/wp-content\/uploads\/2022\/01\/20211215_184934-1-1240x698.jpg 1240w, https:\/\/josiepeintures.org\/wp-content\/uploads\/2022\/01\/20211215_184934-1-508x286.jpg 508w\" sizes=\"(max-width: 324px) 100vw, 324px\" \/><\/a><\/figure><\/div>\n\n\n\n<div class=\"wp-block-image\"><figure class=\"aligncenter size-large is-resized\"><a href=\"http:\/\/94.23.28.138\/Josie\/wp-content\/uploads\/2022\/01\/20211215_170556-scaled.jpg\"><img decoding=\"async\" loading=\"lazy\" src=\"http:\/\/94.23.28.138\/Josie\/wp-content\/uploads\/2022\/01\/20211215_170556-1024x576.jpg\" alt=\"\" class=\"wp-image-1669\" width=\"291\" height=\"163\" srcset=\"https:\/\/josiepeintures.org\/wp-content\/uploads\/2022\/01\/20211215_170556-1024x576.jpg 1024w, https:\/\/josiepeintures.org\/wp-content\/uploads\/2022\/01\/20211215_170556-300x169.jpg 300w, https:\/\/josiepeintures.org\/wp-content\/uploads\/2022\/01\/20211215_170556-768x432.jpg 768w, https:\/\/josiepeintures.org\/wp-content\/uploads\/2022\/01\/20211215_170556-1536x864.jpg 1536w, https:\/\/josiepeintures.org\/wp-content\/uploads\/2022\/01\/20211215_170556-2048x1152.jpg 2048w, https:\/\/josiepeintures.org\/wp-content\/uploads\/2022\/01\/20211215_170556-1240x698.jpg 1240w, https:\/\/josiepeintures.org\/wp-content\/uploads\/2022\/01\/20211215_170556-508x286.jpg 508w\" sizes=\"(max-width: 291px) 100vw, 291px\" \/><\/a><\/figure><\/div>\n\n\n\n<p><\/p>\n<\/div><\/div>\n\n\n\n<p>Octobre 2021, exposition Abbaye de Vinets \u00e0 Ch\u00e2lons en Champagne<\/p>\n\n\n\n<div class=\"wp-block-image is-style-default\"><figure class=\"aligncenter size-large is-resized\"><img decoding=\"async\" loading=\"lazy\" src=\"http:\/\/94.23.28.138\/Josie\/wp-content\/uploads\/2021\/05\/Opera-Instantane_2021-04-25_104736_www.lhebdoduvendredi.com_.png\" alt=\"\" class=\"wp-image-1165\" width=\"228\" height=\"150\" srcset=\"https:\/\/josiepeintures.org\/wp-content\/uploads\/2021\/05\/Opera-Instantane_2021-04-25_104736_www.lhebdoduvendredi.com_.png 789w, https:\/\/josiepeintures.org\/wp-content\/uploads\/2021\/05\/Opera-Instantane_2021-04-25_104736_www.lhebdoduvendredi.com_-300x198.png 300w, https:\/\/josiepeintures.org\/wp-content\/uploads\/2021\/05\/Opera-Instantane_2021-04-25_104736_www.lhebdoduvendredi.com_-768x506.png 768w, https:\/\/josiepeintures.org\/wp-content\/uploads\/2021\/05\/Opera-Instantane_2021-04-25_104736_www.lhebdoduvendredi.com_-508x335.png 508w\" sizes=\"(max-width: 228px) 100vw, 228px\" \/><\/figure><\/div>\n\n\n\n<div class=\"wp-block-image is-style-default\"><figure class=\"aligncenter size-large is-resized\"><img decoding=\"async\" loading=\"lazy\" src=\"http:\/\/94.23.28.138\/Josie\/wp-content\/uploads\/2021\/05\/Opera-Instantane_2021-04-25_104551_www.lhebdoduvendredi.com_-1.png\" alt=\"\" class=\"wp-image-1166\" width=\"265\" height=\"176\" srcset=\"https:\/\/josiepeintures.org\/wp-content\/uploads\/2021\/05\/Opera-Instantane_2021-04-25_104551_www.lhebdoduvendredi.com_-1.png 776w, https:\/\/josiepeintures.org\/wp-content\/uploads\/2021\/05\/Opera-Instantane_2021-04-25_104551_www.lhebdoduvendredi.com_-1-300x200.png 300w, https:\/\/josiepeintures.org\/wp-content\/uploads\/2021\/05\/Opera-Instantane_2021-04-25_104551_www.lhebdoduvendredi.com_-1-768x512.png 768w, https:\/\/josiepeintures.org\/wp-content\/uploads\/2021\/05\/Opera-Instantane_2021-04-25_104551_www.lhebdoduvendredi.com_-1-508x338.png 508w\" sizes=\"(max-width: 265px) 100vw, 265px\" \/><\/figure><\/div>\n\n\n\n<p><\/p>\n\n\n\n<p class=\"has-text-align-center\"><em><span class=\"has-inline-color has-black-color\">Avril 2019,Biblioth\u00e8que Pompidou \u00e0 Ch\u00e2lons en Champagne<\/span><\/em><\/p>\n\n\n\n<p><\/p>\n\n\n\n<div class=\"wp-block-image is-style-default\"><figure class=\"alignright size-large is-resized\"><a href=\"http:\/\/94.23.28.138\/Josie\/wp-content\/uploads\/2021\/05\/DSCN1143-scaled.jpg\"><img decoding=\"async\" loading=\"lazy\" src=\"http:\/\/94.23.28.138\/Josie\/wp-content\/uploads\/2021\/05\/DSCN1143-1024x768.jpg\" alt=\"\" class=\"wp-image-1297\" width=\"194\" height=\"146\" srcset=\"https:\/\/josiepeintures.org\/wp-content\/uploads\/2021\/05\/DSCN1143-1024x768.jpg 1024w, https:\/\/josiepeintures.org\/wp-content\/uploads\/2021\/05\/DSCN1143-300x225.jpg 300w, https:\/\/josiepeintures.org\/wp-content\/uploads\/2021\/05\/DSCN1143-768x576.jpg 768w, https:\/\/josiepeintures.org\/wp-content\/uploads\/2021\/05\/DSCN1143-1536x1152.jpg 1536w, https:\/\/josiepeintures.org\/wp-content\/uploads\/2021\/05\/DSCN1143-2048x1536.jpg 2048w, https:\/\/josiepeintures.org\/wp-content\/uploads\/2021\/05\/DSCN1143-1240x930.jpg 1240w, https:\/\/josiepeintures.org\/wp-content\/uploads\/2021\/05\/DSCN1143-508x381.jpg 508w\" sizes=\"(max-width: 194px) 100vw, 194px\" \/><\/a><\/figure><\/div>\n\n\n\n<figure class=\"wp-block-image size-large is-resized is-style-default\"><a href=\"http:\/\/94.23.28.138\/Josie\/wp-content\/uploads\/2021\/05\/DSCN1145-scaled.jpg\"><img decoding=\"async\" loading=\"lazy\" src=\"http:\/\/94.23.28.138\/Josie\/wp-content\/uploads\/2021\/05\/DSCN1145-1024x768.jpg\" alt=\"\" class=\"wp-image-1298\" width=\"224\" height=\"168\" srcset=\"https:\/\/josiepeintures.org\/wp-content\/uploads\/2021\/05\/DSCN1145-1024x768.jpg 1024w, https:\/\/josiepeintures.org\/wp-content\/uploads\/2021\/05\/DSCN1145-300x225.jpg 300w, https:\/\/josiepeintures.org\/wp-content\/uploads\/2021\/05\/DSCN1145-768x576.jpg 768w, https:\/\/josiepeintures.org\/wp-content\/uploads\/2021\/05\/DSCN1145-1536x1152.jpg 1536w, https:\/\/josiepeintures.org\/wp-content\/uploads\/2021\/05\/DSCN1145-2048x1536.jpg 2048w, https:\/\/josiepeintures.org\/wp-content\/uploads\/2021\/05\/DSCN1145-1240x930.jpg 1240w, https:\/\/josiepeintures.org\/wp-content\/uploads\/2021\/05\/DSCN1145-508x381.jpg 508w\" sizes=\"(max-width: 224px) 100vw, 224px\" \/><\/a><\/figure>\n\n\n\n<!--nextpage-->\n\n\n\n<p class=\"has-text-align-center\"><em><span class=\"has-inline-color has-black-color\">Octobre 2018, Chapelle de Saint Memmie<\/span><\/em><\/p>\n\n\n\n<div class=\"wp-block-image is-style-default\"><figure class=\"alignleft size-large is-resized\"><a href=\"http:\/\/94.23.28.138\/Josie\/wp-content\/uploads\/2022\/01\/44731945_341442166630304_2312205354722656256_n-3.jpg\"><img decoding=\"async\" loading=\"lazy\" src=\"http:\/\/94.23.28.138\/Josie\/wp-content\/uploads\/2022\/01\/44731945_341442166630304_2312205354722656256_n-3-1024x682.jpg\" alt=\"\" class=\"wp-image-1663\" width=\"244\" height=\"162\" srcset=\"https:\/\/josiepeintures.org\/wp-content\/uploads\/2022\/01\/44731945_341442166630304_2312205354722656256_n-3-1024x682.jpg 1024w, https:\/\/josiepeintures.org\/wp-content\/uploads\/2022\/01\/44731945_341442166630304_2312205354722656256_n-3-300x200.jpg 300w, https:\/\/josiepeintures.org\/wp-content\/uploads\/2022\/01\/44731945_341442166630304_2312205354722656256_n-3-768x512.jpg 768w, https:\/\/josiepeintures.org\/wp-content\/uploads\/2022\/01\/44731945_341442166630304_2312205354722656256_n-3-1536x1024.jpg 1536w, https:\/\/josiepeintures.org\/wp-content\/uploads\/2022\/01\/44731945_341442166630304_2312205354722656256_n-3-1240x826.jpg 1240w, https:\/\/josiepeintures.org\/wp-content\/uploads\/2022\/01\/44731945_341442166630304_2312205354722656256_n-3-508x339.jpg 508w, https:\/\/josiepeintures.org\/wp-content\/uploads\/2022\/01\/44731945_341442166630304_2312205354722656256_n-3.jpg 2000w\" sizes=\"(max-width: 244px) 100vw, 244px\" \/><\/a><\/figure><\/div>\n\n\n\n<div class=\"wp-block-image is-style-default\"><figure class=\"alignright size-large is-resized\"><a href=\"http:\/\/94.23.28.138\/Josie\/wp-content\/uploads\/2022\/01\/DSCN0352-scaled.jpg\"><img decoding=\"async\" loading=\"lazy\" src=\"http:\/\/94.23.28.138\/Josie\/wp-content\/uploads\/2022\/01\/DSCN0352-1024x768.jpg\" alt=\"\" class=\"wp-image-1675\" width=\"199\" height=\"149\" srcset=\"https:\/\/josiepeintures.org\/wp-content\/uploads\/2022\/01\/DSCN0352-1024x768.jpg 1024w, https:\/\/josiepeintures.org\/wp-content\/uploads\/2022\/01\/DSCN0352-300x225.jpg 300w, https:\/\/josiepeintures.org\/wp-content\/uploads\/2022\/01\/DSCN0352-768x576.jpg 768w, https:\/\/josiepeintures.org\/wp-content\/uploads\/2022\/01\/DSCN0352-1536x1152.jpg 1536w, https:\/\/josiepeintures.org\/wp-content\/uploads\/2022\/01\/DSCN0352-2048x1536.jpg 2048w, https:\/\/josiepeintures.org\/wp-content\/uploads\/2022\/01\/DSCN0352-1240x930.jpg 1240w, https:\/\/josiepeintures.org\/wp-content\/uploads\/2022\/01\/DSCN0352-508x381.jpg 508w\" sizes=\"(max-width: 199px) 100vw, 199px\" \/><\/a><\/figure><\/div>\n\n\n\n<p><\/p>\n\n\n\n<p><\/p>\n\n\n\n<p class=\"has-text-align-center\"><em>Octobre 2018, Abbaye de Vinetz Ch\u00e2lons en Champa<\/em>gne<\/p>\n\n\n\n<p><\/p>\n\n\n\n<div class=\"wp-block-image is-style-default\"><figure class=\"aligncenter size-large is-resized\"><img decoding=\"async\" loading=\"lazy\" src=\"http:\/\/94.23.28.138\/Josie\/wp-content\/uploads\/2021\/05\/22050166_10213020760661075_1113477052678266682_n.jpg\" alt=\"\" class=\"wp-image-1269\" width=\"288\" height=\"216\" srcset=\"https:\/\/josiepeintures.org\/wp-content\/uploads\/2021\/05\/22050166_10213020760661075_1113477052678266682_n.jpg 960w, https:\/\/josiepeintures.org\/wp-content\/uploads\/2021\/05\/22050166_10213020760661075_1113477052678266682_n-300x225.jpg 300w, https:\/\/josiepeintures.org\/wp-content\/uploads\/2021\/05\/22050166_10213020760661075_1113477052678266682_n-768x576.jpg 768w, https:\/\/josiepeintures.org\/wp-content\/uploads\/2021\/05\/22050166_10213020760661075_1113477052678266682_n-508x381.jpg 508w\" sizes=\"(max-width: 288px) 100vw, 288px\" \/><\/figure><\/div>\n\n\n\n<p><\/p>\n\n\n\n<p><\/p>\n\n\n\n<p><\/p>\n","protected":false},"excerpt":{"rendered":"<p>D\u00e9cembre 2021, 93eme Salon National La Soci\u00e9t\u00e9 Artistique des Groupes La Poste et Orange La POSTE PARIS Octobre 2021, exposition Abbaye de Vinets \u00e0 Ch\u00e2lons en Champagne Avril 2019,Biblioth\u00e8que Pompidou \u00e0 Ch\u00e2lons en Champagne<\/p>\n","protected":false},"author":1,"featured_media":0,"parent":0,"menu_order":0,"comment_status":"closed","ping_status":"closed","template":"","meta":{"footnotes":""},"_links":{"self":[{"href":"https:\/\/josiepeintures.org\/index.php?rest_route=\/wp\/v2\/pages\/182"}],"collection":[{"href":"https:\/\/josiepeintures.org\/index.php?rest_route=\/wp\/v2\/pages"}],"about":[{"href":"https:\/\/josiepeintures.org\/index.php?rest_route=\/wp\/v2\/types\/page"}],"author":[{"embeddable":true,"href":"https:\/\/josiepeintures.org\/index.php?rest_route=\/wp\/v2\/users\/1"}],"replies":[{"embeddable":true,"href":"https:\/\/josiepeintures.org\/index.php?rest_route=%2Fwp%2Fv2%2Fcomments&post=182"}],"version-history":[{"count":23,"href":"https:\/\/josiepeintures.org\/index.php?rest_route=\/wp\/v2\/pages\/182\/revisions"}],"predecessor-version":[{"id":1680,"href":"https:\/\/josiepeintures.org\/index.php?rest_route=\/wp\/v2\/pages\/182\/revisions\/1680"}],"wp:attachment":[{"href":"https:\/\/josiepeintures.org\/index.php?rest_route=%2Fwp%2Fv2%2Fmedia&parent=182"}],"curies":[{"name":"wp","href":"https:\/\/api.w.org\/{rel}","templated":true}]}}

<p class="has-text-align-center">Décembre 2021, 93eme Salon National La Société Artistique des Groupes La Poste et Orange La POSTE   PARIS</p>



<div class="wp-block-group"><div class="wp-block-group__inner-container is-layout-flow wp-block-group-is-layout-flow">
<p></p>



<div class="wp-block-image"><figure class="aligncenter size-large is-resized"><a href="http://94.23.28.138/Josie/wp-content/uploads/2022/01/20211215_184934-1-scaled.jpg"><img decoding="async" loading="lazy" src="http://94.23.28.138/Josie/wp-content/uploads/2022/01/20211215_184934-1-1024x576.jpg" alt="" class="wp-image-1668" width="324" height="182" srcset="https://josiepeintures.org/wp-content/uploads/2022/01/20211215_184934-1-1024x576.jpg 1024w, https://josiepeintures.org/wp-content/uploads/2022/01/20211215_184934-1-300x169.jpg 300w, https://josiepeintures.org/wp-content/uploads/2022/01/20211215_184934-1-768x432.jpg 768w, https://josiepeintures.org/wp-content/uploads/2022/01/20211215_184934-1-1536x864.jpg 1536w, https://josiepeintures.org/wp-content/uploads/2022/01/20211215_184934-1-2048x1152.jpg 2048w, https://josiepeintures.org/wp-content/uploads/2022/01/20211215_184934-1-1240x698.jpg 1240w, https://josiepeintures.org/wp-content/uploads/2022/01/20211215_184934-1-508x286.jpg 508w" sizes="(max-width: 324px) 100vw, 324px" /></a></figure></div>



<div class="wp-block-image"><figure class="aligncenter size-large is-resized"><a href="http://94.23.28.138/Josie/wp-content/uploads/2022/01/20211215_170556-scaled.jpg"><img decoding="async" loading="lazy" src="http://94.23.28.138/Josie/wp-content/uploads/2022/01/20211215_170556-1024x576.jpg" alt="" class="wp-image-1669" width="291" height="163" srcset="https://josiepeintures.org/wp-content/uploads/2022/01/20211215_170556-1024x576.jpg 1024w, https://josiepeintures.org/wp-content/uploads/2022/01/20211215_170556-300x169.jpg 300w, https://josiepeintures.org/wp-content/uploads/2022/01/20211215_170556-768x432.jpg 768w, https://josiepeintures.org/wp-content/uploads/2022/01/20211215_170556-1536x864.jpg 1536w, https://josiepeintures.org/wp-content/uploads/2022/01/20211215_170556-2048x1152.jpg 2048w, https://josiepeintures.org/wp-content/uploads/2022/01/20211215_170556-1240x698.jpg 1240w, https://josiepeintures.org/wp-content/uploads/2022/01/20211215_170556-508x286.jpg 508w" sizes="(max-width: 291px) 100vw, 291px" /></a></figure></div>



<p></p>
</div></div>



<p>Octobre 2021, exposition Abbaye de Vinets à Châlons en Champagne</p>



<div class="wp-block-image is-style-default"><figure class="aligncenter size-large is-resized"><img decoding="async" loading="lazy" src="http://94.23.28.138/Josie/wp-content/uploads/2021/05/Opera-Instantane_2021-04-25_104736_www.lhebdoduvendredi.com_.png" alt="" class="wp-image-1165" width="228" height="150" srcset="https://josiepeintures.org/wp-content/uploads/2021/05/Opera-Instantane_2021-04-25_104736_www.lhebdoduvendredi.com_.png 789w, https://josiepeintures.org/wp-content/uploads/2021/05/Opera-Instantane_2021-04-25_104736_www.lhebdoduvendredi.com_-300x198.png 300w, https://josiepeintures.org/wp-content/uploads/2021/05/Opera-Instantane_2021-04-25_104736_www.lhebdoduvendredi.com_-768x506.png 768w, https://josiepeintures.org/wp-content/uploads/2021/05/Opera-Instantane_2021-04-25_104736_www.lhebdoduvendredi.com_-508x335.png 508w" sizes="(max-width: 228px) 100vw, 228px" /></figure></div>



<div class="wp-block-image is-style-default"><figure class="aligncenter size-large is-resized"><img decoding="async" loading="lazy" src="http://94.23.28.138/Josie/wp-content/uploads/2021/05/Opera-Instantane_2021-04-25_104551_www.lhebdoduvendredi.com_-1.png" alt="" class="wp-image-1166" width="265" height="176" srcset="https://josiepeintures.org/wp-content/uploads/2021/05/Opera-Instantane_2021-04-25_104551_www.lhebdoduvendredi.com_-1.png 776w, https://josiepeintures.org/wp-content/uploads/2021/05/Opera-Instantane_2021-04-25_104551_www.lhebdoduvendredi.com_-1-300x200.png 300w, https://josiepeintures.org/wp-content/uploads/2021/05/Opera-Instantane_2021-04-25_104551_www.lhebdoduvendredi.com_-1-768x512.png 768w, https://josiepeintures.org/wp-content/uploads/2021/05/Opera-Instantane_2021-04-25_104551_www.lhebdoduvendredi.com_-1-508x338.png 508w" sizes="(max-width: 265px) 100vw, 265px" /></figure></div>



<p></p>



<p class="has-text-align-center"><em><span class="has-inline-color has-black-color">Avril 2019,Bibliothèque Pompidou à Châlons en Champagne</span></em></p>



<p></p>



<div class="wp-block-image is-style-default"><figure class="alignright size-large is-resized"><a href="http://94.23.28.138/Josie/wp-content/uploads/2021/05/DSCN1143-scaled.jpg"><img decoding="async" loading="lazy" src="http://94.23.28.138/Josie/wp-content/uploads/2021/05/DSCN1143-1024x768.jpg" alt="" class="wp-image-1297" width="194" height="146" srcset="https://josiepeintures.org/wp-content/uploads/2021/05/DSCN1143-1024x768.jpg 1024w, https://josiepeintures.org/wp-content/uploads/2021/05/DSCN1143-300x225.jpg 300w, https://josiepeintures.org/wp-content/uploads/2021/05/DSCN1143-768x576.jpg 768w, https://josiepeintures.org/wp-content/uploads/2021/05/DSCN1143-1536x1152.jpg 1536w, https://josiepeintures.org/wp-content/uploads/2021/05/DSCN1143-2048x1536.jpg 2048w, https://josiepeintures.org/wp-content/uploads/2021/05/DSCN1143-1240x930.jpg 1240w, https://josiepeintures.org/wp-content/uploads/2021/05/DSCN1143-508x381.jpg 508w" sizes="(max-width: 194px) 100vw, 194px" /></a></figure></div>



<figure class="wp-block-image size-large is-resized is-style-default"><a href="http://94.23.28.138/Josie/wp-content/uploads/2021/05/DSCN1145-scaled.jpg"><img decoding="async" loading="lazy" src="http://94.23.28.138/Josie/wp-content/uploads/2021/05/DSCN1145-1024x768.jpg" alt="" class="wp-image-1298" width="224" height="168" srcset="https://josiepeintures.org/wp-content/uploads/2021/05/DSCN1145-1024x768.jpg 1024w, https://josiepeintures.org/wp-content/uploads/2021/05/DSCN1145-300x225.jpg 300w, https://josiepeintures.org/wp-content/uploads/2021/05/DSCN1145-768x576.jpg 768w, https://josiepeintures.org/wp-content/uploads/2021/05/DSCN1145-1536x1152.jpg 1536w, https://josiepeintures.org/wp-content/uploads/2021/05/DSCN1145-2048x1536.jpg 2048w, https://josiepeintures.org/wp-content/uploads/2021/05/DSCN1145-1240x930.jpg 1240w, https://josiepeintures.org/wp-content/uploads/2021/05/DSCN1145-508x381.jpg 508w" sizes="(max-width: 224px) 100vw, 224px" /></a></figure>



<!--nextpage-->



<p class="has-text-align-center"><em><span class="has-inline-color has-black-color">Octobre 2018, Chapelle de Saint Memmie</span></em></p>



<div class="wp-block-image is-style-default"><figure class="alignleft size-large is-resized"><a href="http://94.23.28.138/Josie/wp-content/uploads/2022/01/44731945_341442166630304_2312205354722656256_n-3.jpg"><img decoding="async" loading="lazy" src="http://94.23.28.138/Josie/wp-content/uploads/2022/01/44731945_341442166630304_2312205354722656256_n-3-1024x682.jpg" alt="" class="wp-image-1663" width="244" height="162" srcset="https://josiepeintures.org/wp-content/uploads/2022/01/44731945_341442166630304_2312205354722656256_n-3-1024x682.jpg 1024w, https://josiepeintures.org/wp-content/uploads/2022/01/44731945_341442166630304_2312205354722656256_n-3-300x200.jpg 300w, https://josiepeintures.org/wp-content/uploads/2022/01/44731945_341442166630304_2312205354722656256_n-3-768x512.jpg 768w, https://josiepeintures.org/wp-content/uploads/2022/01/44731945_341442166630304_2312205354722656256_n-3-1536x1024.jpg 1536w, https://josiepeintures.org/wp-content/uploads/2022/01/44731945_341442166630304_2312205354722656256_n-3-1240x826.jpg 1240w, https://josiepeintures.org/wp-content/uploads/2022/01/44731945_341442166630304_2312205354722656256_n-3-508x339.jpg 508w, https://josiepeintures.org/wp-content/uploads/2022/01/44731945_341442166630304_2312205354722656256_n-3.jpg 2000w" sizes="(max-width: 244px) 100vw, 244px" /></a></figure></div>



<div class="wp-block-image is-style-default"><figure class="alignright size-large is-resized"><a href="http://94.23.28.138/Josie/wp-content/uploads/2022/01/DSCN0352-scaled.jpg"><img decoding="async" loading="lazy" src="http://94.23.28.138/Josie/wp-content/uploads/2022/01/DSCN0352-1024x768.jpg" alt="" class="wp-image-1675" width="199" height="149" srcset="https://josiepeintures.org/wp-content/uploads/2022/01/DSCN0352-1024x768.jpg 1024w, https://josiepeintures.org/wp-content/uploads/2022/01/DSCN0352-300x225.jpg 300w, https://josiepeintures.org/wp-content/uploads/2022/01/DSCN0352-768x576.jpg 768w, https://josiepeintures.org/wp-content/uploads/2022/01/DSCN0352-1536x1152.jpg 1536w, https://josiepeintures.org/wp-content/uploads/2022/01/DSCN0352-2048x1536.jpg 2048w, https://josiepeintures.org/wp-content/uploads/2022/01/DSCN0352-1240x930.jpg 1240w, https://josiepeintures.org/wp-content/uploads/2022/01/DSCN0352-508x381.jpg 508w" sizes="(max-width: 199px) 100vw, 199px" /></a></figure></div>



<p></p>



<p></p>



<p class="has-text-align-center"><em>Octobre 2018, Abbaye de Vinetz Châlons en Champa</em>gne</p>



<p></p>



<div class="wp-block-image is-style-default"><figure class="aligncenter size-large is-resized"><img decoding="async" loading="lazy" src="http://94.23.28.138/Josie/wp-content/uploads/2021/05/22050166_10213020760661075_1113477052678266682_n.jpg" alt="" class="wp-image-1269" width="288" height="216" srcset="https://josiepeintures.org/wp-content/uploads/2021/05/22050166_10213020760661075_1113477052678266682_n.jpg 960w, https://josiepeintures.org/wp-content/uploads/2021/05/22050166_10213020760661075_1113477052678266682_n-300x225.jpg 300w, https://josiepeintures.org/wp-content/uploads/2021/05/22050166_10213020760661075_1113477052678266682_n-768x576.jpg 768w, https://josiepeintures.org/wp-content/uploads/2021/05/22050166_10213020760661075_1113477052678266682_n-508x381.jpg 508w" sizes="(max-width: 288px) 100vw, 288px" /></figure></div>



<p></p>



<p></p>



<p></p>

<p>Décembre 2021, 93eme Salon National La Société Artistique des Groupes La Poste et Orange La POSTE PARIS Octobre 2021, exposition Abbaye de Vinets à Châlons en Champagne Avril 2019,Bibliothèque Pompidou à Châlons en Champagne</p>
